{"id":54,"date":"2022-09-15T14:33:09","date_gmt":"2022-09-15T12:33:09","guid":{"rendered":"http:\/\/eflcarlsbourg.be\/?page_id=54"},"modified":"2022-09-16T14:15:43","modified_gmt":"2022-09-16T12:15:43","slug":"centre-ludopedagogique","status":"publish","type":"page","link":"https:\/\/eflcarlsbourg.be\/index.php\/centre-ludopedagogique\/","title":{"rendered":"Centre ludop\u00e9dagogique"},"content":{"rendered":"<p><img loading=\"lazy\" class=\"wp-image-243 aligncenter\" src=\"http:\/\/eflcarlsbourg.be\/wp-content\/uploads\/2022\/09\/93795117_842946502846394_7564574857329901568_n-300x225.jpg\" alt=\"\" width=\"420\" height=\"315\" srcset=\"https:\/\/eflcarlsbourg.be\/wp-content\/uploads\/2022\/09\/93795117_842946502846394_7564574857329901568_n-300x225.jpg 300w, https:\/\/eflcarlsbourg.be\/wp-content\/uploads\/2022\/09\/93795117_842946502846394_7564574857329901568_n-1024x768.jpg 1024w, https:\/\/eflcarlsbourg.be\/wp-content\/uploads\/2022\/09\/93795117_842946502846394_7564574857329901568_n-768x576.jpg 768w, https:\/\/eflcarlsbourg.be\/wp-content\/uploads\/2022\/09\/93795117_842946502846394_7564574857329901568_n-1536x1152.jpg 1536w, https:\/\/eflcarlsbourg.be\/wp-content\/uploads\/2022\/09\/93795117_842946502846394_7564574857329901568_n-1057x793.jpg 1057w, https:\/\/eflcarlsbourg.be\/wp-content\/uploads\/2022\/09\/93795117_842946502846394_7564574857329901568_n.jpg 2048w\" sizes=\"(max-width: 420px) 100vw, 420px\" \/><\/p>\n<p>&nbsp;<\/p>\n<table style=\"width: 90.5333%; border-collapse: collapse; background-color: #58e0e0;\">\n<tbody>\n<tr>\n<td style=\"width: 100%;\"><strong><em>L&rsquo;objectif d\u2019un centre ludop\u00e9dagogique est de d\u00e9velopper les talents de chaque enfant de mani\u00e8re bienveillante et amusante.<\/em><\/strong><\/td>\n<\/tr>\n<\/tbody>\n<\/table>\n<p>&nbsp;<\/p>\n<p>Notre centre ludop\u00e9dagogique\u00a0des talents\u00a0se diff\u00e9rencie d&rsquo;une ludoth\u00e8que a de nombreux \u00e9gards :<\/p>\n<p>&#8211; une s\u00e9lection des jeux en fonction du public<br \/>\n&#8211; l\u2019int\u00e9gration du mat\u00e9riel Montessori<br \/>\n&#8211; la cr\u00e9ation de parcours de jeux pour d\u00e9velopper des comp\u00e9tences ou des savoir-faire<br \/>\n-le classement des jeux sous l&rsquo;angle des intelligences multiples.<br \/>\n-pas de pr\u00eats car nous n&rsquo;avons pas le personnel ni les jeux en plusieurs exemplaires<\/p>\n<p>Pour mieux comprendre, un petit tour sur le site:<\/p>\n<div class=\"embed-container\">\n<blockquote class=\"wp-embedded-content\" data-secret=\"Dt4kQL8UcB\"><p><a href=\"https:\/\/xn--ludopdagogie-feb.be\/ludopedagogie\/\">Ludop\u00e9dagogie<\/a><\/p><\/blockquote>\n<p><iframe class=\"wp-embedded-content\" sandbox=\"allow-scripts\" security=\"restricted\" style=\"position: absolute; clip: rect(1px, 1px, 1px, 1px);\" title=\"\u00ab\u00a0Ludop\u00e9dagogie\u00a0\u00bb &#8212; Ludop\u00e9dagogie\" src=\"https:\/\/xn--ludopdagogie-feb.be\/ludopedagogie\/embed\/#?secret=Dt4kQL8UcB\" data-secret=\"Dt4kQL8UcB\" width=\"600\" height=\"338\" frameborder=\"0\" marginwidth=\"0\" marginheight=\"0\" scrolling=\"no\"><\/iframe><\/div>\n<p>&nbsp;<\/p>\n<p><img loading=\"lazy\" class=\"wp-image-245 aligncenter\" src=\"http:\/\/eflcarlsbourg.be\/wp-content\/uploads\/2022\/09\/cnetre-300x167.jpeg\" alt=\"\" width=\"573\" height=\"319\" srcset=\"https:\/\/eflcarlsbourg.be\/wp-content\/uploads\/2022\/09\/cnetre-300x167.jpeg 300w, https:\/\/eflcarlsbourg.be\/wp-content\/uploads\/2022\/09\/cnetre-1024x571.jpeg 1024w, https:\/\/eflcarlsbourg.be\/wp-content\/uploads\/2022\/09\/cnetre-768x428.jpeg 768w, https:\/\/eflcarlsbourg.be\/wp-content\/uploads\/2022\/09\/cnetre-1536x857.jpeg 1536w, https:\/\/eflcarlsbourg.be\/wp-content\/uploads\/2022\/09\/cnetre-1057x590.jpeg 1057w, https:\/\/eflcarlsbourg.be\/wp-content\/uploads\/2022\/09\/cnetre.jpeg 1728w\" sizes=\"(max-width: 573px) 100vw, 573px\" \/><\/p>\n<p>&nbsp;<\/p>\n<p>Pour en savoir plus, voici un reportage tourn\u00e9 dans plusieurs centres ludop\u00e9dagogiques, dont le n\u00f4tre.<\/p>\n<div class=\"embed-container\"><iframe loading=\"lazy\" title=\"Documentaire sur les Centres Ludop\u00e9dagogiques Des Talents\" width=\"1057\" height=\"595\" src=\"https:\/\/www.youtube.com\/embed\/O9bOWxcu87M?feature=oembed\" frameborder=\"0\" allow=\"accelerometer; autoplay; clipboard-write; encrypted-media; gyroscope; picture-in-picture\" allowfullscreen><\/iframe><\/div>\n","protected":false},"excerpt":{"rendered":"<p>&nbsp; L&rsquo;objectif d\u2019un centre ludop\u00e9dagogique est de d\u00e9velopper les talents de chaque enfant de mani\u00e8re bienveillante et amusante. &nbsp; Notre centre ludop\u00e9dagogique\u00a0des talents\u00a0se diff\u00e9rencie d&rsquo;une ludoth\u00e8que a de nombreux \u00e9gards : &#8211; une s\u00e9lection des jeux en fonction du public &#8211; l\u2019int\u00e9gration du mat\u00e9riel Montessori &#8211; la cr\u00e9ation de parcours de jeux pour d\u00e9velopper des &hellip; <\/p>\n<p><a class=\"more-link btn\" href=\"https:\/\/eflcarlsbourg.be\/index.php\/centre-ludopedagogique\/\">Lire la suite<\/a><\/p>\n","protected":false},"author":3,"featured_media":0,"parent":0,"menu_order":0,"comment_status":"closed","ping_status":"closed","template":"","meta":[],"_links":{"self":[{"href":"https:\/\/eflcarlsbourg.be\/index.php\/wp-json\/wp\/v2\/pages\/54"}],"collection":[{"href":"https:\/\/eflcarlsbourg.be\/index.php\/wp-json\/wp\/v2\/pages"}],"about":[{"href":"https:\/\/eflcarlsbourg.be\/index.php\/wp-json\/wp\/v2\/types\/page"}],"author":[{"embeddable":true,"href":"https:\/\/eflcarlsbourg.be\/index.php\/wp-json\/wp\/v2\/users\/3"}],"replies":[{"embeddable":true,"href":"https:\/\/eflcarlsbourg.be\/index.php\/wp-json\/wp\/v2\/comments?post=54"}],"version-history":[{"count":6,"href":"https:\/\/eflcarlsbourg.be\/index.php\/wp-json\/wp\/v2\/pages\/54\/revisions"}],"predecessor-version":[{"id":248,"href":"https:\/\/eflcarlsbourg.be\/index.php\/wp-json\/wp\/v2\/pages\/54\/revisions\/248"}],"wp:attachment":[{"href":"https:\/\/eflcarlsbourg.be\/index.php\/wp-json\/wp\/v2\/media?parent=54"}],"curies":[{"name":"wp","href":"https:\/\/api.w.org\/{rel}","templated":true}]}}