{"id":415,"date":"2024-10-01T09:52:37","date_gmt":"2024-10-01T07:52:37","guid":{"rendered":"https:\/\/eflcarlsbourg.be\/?page_id=415"},"modified":"2024-10-01T10:02:06","modified_gmt":"2024-10-01T08:02:06","slug":"pse","status":"publish","type":"page","link":"https:\/\/eflcarlsbourg.be\/index.php\/pse\/","title":{"rendered":"PSE"},"content":{"rendered":"<p>Promotion de le Sant\u00e9 \u00e0 l&rsquo;Ecole<\/p>\n<p><strong>Le\u00a0<a href=\"https:\/\/www.one.be\/fileadmin\/user_upload\/siteone\/PRO\/PSE\/decret-extrait-Moniteur-14.03.2019.pdf\">d\u00e9cret du 14 mars 2019<\/a>\u00a0relatif \u00e0 la promotion de la sant\u00e9 \u00e0 l\u2019\u00e9cole \u00a0permet d\u2019int\u00e9grer la conception de la sant\u00e9 au monde scolaire.<\/strong><\/p>\n<section class=\"elementor-section elementor-inner-section elementor-element elementor-element-2294c16 elementor-section-boxed elementor-section-height-default elementor-section-height-default\" data-id=\"2294c16\" data-element_type=\"section\" data-settings=\"{&quot;background_background&quot;:&quot;classic&quot;}\">\n<div class=\"elementor-container elementor-column-gap-default\">\n<div class=\"elementor-row\">\n<div class=\"elementor-column elementor-col-100 elementor-inner-column elementor-element elementor-element-36a8b69\" data-id=\"36a8b69\" data-element_type=\"column\">\n<div class=\"elementor-column-wrap elementor-element-populated\">\n<div class=\"elementor-widget-wrap\">\n<div class=\"elementor-element elementor-element-05fff43 elementor-widget elementor-widget-text-editor\" data-id=\"05fff43\" data-element_type=\"widget\" data-widget_type=\"text-editor.default\">\n<div class=\"elementor-widget-container\">\n<div class=\"elementor-text-editor elementor-clearfix\">\n<p>Ce service exerce ses missions en \u00e9troite collaboration avec les centres Psycho-M\u00e9dico-Sociaux (centres PMS) comp\u00e9tents afin de rendre optimal l\u2019\u00e9change d\u2019informations en mati\u00e8re d\u2019actions de pr\u00e9vention, d\u2019\u00e9ducation \u00e0 la sant\u00e9 et de suivi m\u00e9dical des \u00e9l\u00e8ves. La F\u00e9d\u00e9ration Wallonie-Bruxelles, via la Direction g\u00e9n\u00e9rale de la Sant\u00e9, agr\u00e9e et subventionne les services PSE.<\/p>\n<\/div>\n<\/div>\n<\/div>\n<\/div>\n<\/div>\n<\/div>\n<\/div>\n<\/div>\n<\/section>\n<div class=\"elementor-element elementor-element-bf9cbfb elementor-blockquote--skin-border elementor-blockquote--button-color-official elementor-widget elementor-widget-blockquote\" data-id=\"bf9cbfb\" data-element_type=\"widget\" data-widget_type=\"blockquote.default\">\n<div class=\"elementor-widget-container\">\n<blockquote class=\"elementor-blockquote\">\n<p class=\"elementor-blockquote__content\"><span style=\"font-size: 12pt;\">Les professionnels de la PSE sont \u00e9galement acteur de premi\u00e8re ligne pour le rep\u00e9rage de la maltraitance comme le pr\u00e9cise le d\u00e9cret sur l\u2019aide aux enfants victimes de maltraitance (2004).<\/span><\/p>\n<p><span style=\"font-size: 12pt; font-family: 'comic sans ms', sans-serif;\">Le service ou le centre travaille en collaboration avec les acteurs du monde scolaire tels que les directions d&rsquo;\u00e9tablissement, les enseignants mais aussi les parents. Il collabore \u00e9galement, pour accomplir ses missions, avec les centres locaux de promotion de la sant\u00e9 (CLPS) et les divers professionnels intervenant dans le domaine de l&rsquo;information et de l&rsquo;\u00e9ducation pour la sant\u00e9. \u00a0Si n\u00e9cessaire, le service ou centre peut aussi faire appel aux services de l&rsquo;Aide \u00e0 la Jeunesse, aux \u00a0services de pr\u00e9vention et de protection du travail et \u00e0 nos services, dont les consultations pour enfants.<\/span><\/p>\n<p>Centre de sant\u00e9 Bouillon<\/p>\n<p>061\/465740<\/p><\/blockquote>\n<\/div>\n<\/div>\n","protected":false},"excerpt":{"rendered":"<p>Promotion de le Sant\u00e9 \u00e0 l&rsquo;Ecole Le\u00a0d\u00e9cret du 14 mars 2019\u00a0relatif \u00e0 la promotion de la sant\u00e9 \u00e0 l\u2019\u00e9cole \u00a0permet d\u2019int\u00e9grer la conception de la sant\u00e9 au monde scolaire. Ce service exerce ses missions en \u00e9troite collaboration avec les centres Psycho-M\u00e9dico-Sociaux (centres PMS) comp\u00e9tents afin de rendre optimal l\u2019\u00e9change d\u2019informations en mati\u00e8re d\u2019actions de pr\u00e9vention, &hellip; <\/p>\n<p><a class=\"more-link btn\" href=\"https:\/\/eflcarlsbourg.be\/index.php\/pse\/\">Lire la suite<\/a><\/p>\n","protected":false},"author":3,"featured_media":0,"parent":0,"menu_order":0,"comment_status":"closed","ping_status":"closed","template":"","meta":[],"_links":{"self":[{"href":"https:\/\/eflcarlsbourg.be\/index.php\/wp-json\/wp\/v2\/pages\/415"}],"collection":[{"href":"https:\/\/eflcarlsbourg.be\/index.php\/wp-json\/wp\/v2\/pages"}],"about":[{"href":"https:\/\/eflcarlsbourg.be\/index.php\/wp-json\/wp\/v2\/types\/page"}],"author":[{"embeddable":true,"href":"https:\/\/eflcarlsbourg.be\/index.php\/wp-json\/wp\/v2\/users\/3"}],"replies":[{"embeddable":true,"href":"https:\/\/eflcarlsbourg.be\/index.php\/wp-json\/wp\/v2\/comments?post=415"}],"version-history":[{"count":4,"href":"https:\/\/eflcarlsbourg.be\/index.php\/wp-json\/wp\/v2\/pages\/415\/revisions"}],"predecessor-version":[{"id":420,"href":"https:\/\/eflcarlsbourg.be\/index.php\/wp-json\/wp\/v2\/pages\/415\/revisions\/420"}],"wp:attachment":[{"href":"https:\/\/eflcarlsbourg.be\/index.php\/wp-json\/wp\/v2\/media?parent=415"}],"curies":[{"name":"wp","href":"https:\/\/api.w.org\/{rel}","templated":true}]}}